he remainder when 656 is divided by u.
12
Let a = 16242 - 15964. What is the remainder when 1941 is divided by a?
273
Let k = 58 + 2. Let z = 256 + -306. Let j = 66 + z. What is the remainder when k is divided by j?
12
Let f be 6/(-27) + 46448/36. Let w = f - 787. What is the remainder when w is divided by 72?
71
Suppose -11*h + 64 = 5*h. Suppose 664 = 12*z - h*z. Suppose 4*t + t = 105. What is the remainder when z is divided by t?
20
Suppose -31 + 15135 = 1809*a - 1801*a. Calculate the remainder when a is divided by 136.
120
Suppose 195 = -2*v + 225. Let z be 2524/42 - 4/42. Let y = z - -102. Calculate the remainder when y is divided by v.
12
Suppose -s - 5*v = -7, -11 - 16 = -s - v. Suppose q + t - 288 = 0, -12*t - 1431 = -5*q - 8*t. Calculate the remainder when q is divided by s.
31
Let z(h) = 11*h**2 - 26*h - 20. What is the remainder when 7748 is divided by z(5)?
123
Suppose 0 = 5*g - 22*g + 357. Let t(y) = -7 + 8 - 2*y + 3*y**2 + 2*y**2. What is the remainder when t(3) is divided by g?
19
Let n(f) = 1694*f + 983. What is the remainder when n(11) is divided by 17?
16
Let s be 152/(-114) + -10*10/(-12). Suppose -4*u - 4*w + 84 = 0, s*u + 2*w = 10*u - 63. Calculate the remainder when u is divided by 6.
3
Calculate the remainder when (((-48)/56)/3)/(5/(-3745)) is divided by 59.
37
Suppose 9*i - 580 = -i. Suppose -226 = -6*d - i. What is the remainder when 66 is divided by d?
10
Suppose -3*v - 2*q = -5, 0 = -8*v + 9*v - 2*q + 1. Calculate the remainder when 98 is divided by v.
0
Let a = 508 + -439. Suppose 0 = -53*t + a*t - 576. Calculate the remainder when 99 is divided by t.
27
Let n(a) = 6*a**2 + 5*a + 4. Let l be n(-4). Suppose 0 = -5*s + l - 20. Calculate the remainder when 69 is divided by s.
9
Suppose 25*b + 35*b = 2040. What is the remainder when b is divided by 26?
8
Let c be 10/(-40) - (-2)/8. Suppose 2*i + 2*x - 284 = c, -3*i - 3*x = 2*i - 714. Suppose -y + i = 2*y. What is the remainder when y is divided by 10?
8
Suppose -4*w - 30 = -26, -r + 172 = -w. Calculate the remainder when 7863 is divided by r.
168
Let m(z) = -z**3 + 26*z**2 - 17*z - 47. Calculate the remainder when m(25) is divided by 2.
1
Let d(z) = 18*z**2 - 118*z - 7. Suppose 7*j - 10 = 5*j, 4*g - 5*j = 111. What is the remainder when d(8) is divided by g?
31
Suppose -134*f + 28 + 189 + 51 = 0. What is the remainder when 806 is divided by f?
0
Let u = 740 + -417. Suppose u = -40*x + 3043. What is the remainder when x is divided by 11?
2
Let f(a) = -a**2 + 12*a - 12. Let l(w) = 2*w - 44. Let u be l(25). What is the remainder when 83 is divided by f(u)?
11
Let l(f) = 2*f**3 - 16*f**2 + 18*f + 11. Let r be l(8). Let w = 184 - r. Let p = -21 + 29. Calculate the remainder when w is divided by p.
5
Suppose -3*u + 7*u = -2*h, 90 = 5*h - 5*u. What is the remainder when 2290 is divided by h?
10
Suppose -81 = -12*q + 159. Suppose 3*f - 254 = 2*h, -h + q = 3*h. Let j = -43 + f. Calculate the remainder when 133 is divided by j.
43
Let y(h) be the first derivative of h**4/4 + 7*h**3/3 - h**2 - 9*h - 14. What is the remainder when 9 is divided by y(-7)?
4
Let z(b) = b**2 - 2*b**2 - b - 5*b**2 + 12 + 61*b. What is the remainder when 143 is divided by z(10)?
11
Let d(m) = -m**2 - 38*m - 192. Calculate the remainder when 332 is divided by d(-10).
68
Suppose -4*m = -o + 5122, 22*o = 18*o - 3*m + 20469. Calculate the remainder when o is divided by 128.
126
Suppose -182 = 2*d + 12*d. Let n(r) = r**3 + 13*r**2 - 5*r - 50. What is the remainder when 129 is divided by n(d)?
9
Let a = 26019 - 25216. Calculate the remainder when a is divided by 78.
23
Let c(r) = 5*r - 3. Let t(w) = 1119*w + 2269. What is the remainder when t(-2) is divided by c(2)?
3
Suppose -4*p + 7*z + 115 = -0*z, 115 = 5*p - 3*z. What is the remainder when 166 is divided by p?
6
Suppose 0 = -j - w - 17, -2*w = -2*j - 2*j - 56. Let g(h) = -5*h + 24. Calculate the remainder when g(0) is divided by 0/1 - (j + 11).
0
Let b = 13 - -5. Suppose 1011802*w - 265 = 1011797*w. Calculate the remainder when w is divided by b.
17
Let m = 328 - 115. Let f = 423 - m. Calculate the remainder when f is divided by 54.
48
Let z = 1625 + -1041. Let w = z - 558. Calculate the remainder when w is divided by (-144)/(-14) - 6/21.
6
Let a be -16 + (-1 - -4) + (1 - -2). Let d be (-52)/(-10)*(a + 2 - 2). Let w = d - -57. What is the remainder when 9 is divided by w?
4
Let b = 35119 + -29185. Calculate the remainder when b is divided by 41.
30
Suppose 5*h - 55 = -24*z + 19*z, -2*h = -2*z + 6. What is the remainder when 1495 is divided by z?
4
What is the remainder when 588/168*4*15 is divided by 43?
38
Let i = 256 - 176. Suppose -69 = -c + 15*p - 11*p, 0 = -4*c + 4*p + 192. What is the remainder when i is divided by c?
39
Let n(q) = -q**3 - 97*q**2 - 878*q + 44. Suppose 2*w - 2*s - 12 - 48 = 0, -5*w - 5*s = -130. What is the remainder when n(-10) is divided by w?
12
Let i = 49 - 161. Let o = i + 138. What is the remainder when o is divided by 15?
11
Let u(g) = g**3 - 8*g**2 - 27*g + 1. Let n be u(9). Let m = n - -290. What is the remainder when m is divided by 10?
9
Suppose 266*f - 4*s - 1612 = 264*f, s = -f + 800. Calculate the remainder when f is divided by 45.
37
Let y = 3912 + -3512. Calculate the remainder when y is divided by 43.
13
Let y(c) = -16*c + 327. Calculate the remainder when y(-20) is divided by 80.
7
Suppose -8*i - 4 = -9*i. Suppose 4*f + f + 2*v = 453, i*v = -5*f + 461. Calculate the remainder when f is divided by ((4 - 5) + -6)*-1.
5
Suppose 2*m = 3*r + 25471, 125*r = -2*m + 129*r + 25472. Calculate the remainder when m is divided by 193.
189
Let w = -259 - -385. Let y(t) = -21*t + 9. Let r be y(-4). Let x = -77 + r. Calculate the remainder when w is divided by x.
14
Suppose -63*v + 64*v - 14 = 0. Calculate the remainder when 179 is divided by v.
11
Suppose 0 = 2*q + v - 144, -3*q + 0*v + 234 = -3*v. Suppose -5*r - 5 = 0, 4*r = -2*o + 6 + 20. What is the remainder when q is divided by o?
14
Let w(d) = -d + 21. Let i = 385 + -378. Calculate the remainder when w(-12) is divided by i.
5
Suppose -4*s - h = -184 - 447, 4*s - 2*h - 646 = 0. Suppose w = 73*t - 78*t + 86, 52 = 2*t - 4*w. What is the remainder when s is divided by t?
15
Suppose 2*w + 1 - 11 = 0. Suppose 152 = w*g + 3*g. What is the remainder when 91 is divided by g?
15
Let p = 2495 - 1864. Calculate the remainder when 639 is divided by p.
8
Let a = -2413 + 2427. Suppose 0 = -5*p - 95 - 180. Let o = p - -96. Calculate the remainder when o is divided by a.
13
Let a(r) = -5*r + 4. Let v(b) = 7*b**2 + 65*b. Let o be (-3*132/(-108))/((-3)/9). What is the remainder when v(o) is divided by a(-6)?
30
Let s(q) = 2*q**2 + 40*q - 125. What is the remainder when 532 is divided by s(4)?
63
Let g(x) = -x**3 - 25*x**2 - 45*x + 148. What is the remainder when 9498 is divided by g(-23)?
123
What is the remainder when 1973 is divided by 31 - (-768)/80 - 1*14/(-10)?
41
Suppose -23*q - 36*q = -5*q - 216. What is the remainder when 7758 is divided by q?
2
What is the remainder when 592 is divided by 9 - ((-16 + -4)/4)/((-43)/(-301))?
20
Let z = 555 - 526. Suppose a = 4*a - 9, 0 = w - 3*a - 13. What is the remainder when z is divided by w?
7
Let c be (4/(-6))/((-3774)/540 + 7). Calculate the remainder when -132*4/(-6) + 1 is divided by 50*((-3)/12 - 51/c).
29
Suppose -3*g - 4 - 44 = -3*j, 3*j - 48 = -5*g. What is the remainder when 4*(j - 8 - 4) is divided by 4?
0
Let t = -19278 + 19548. What is the remainder when 6742 is divided by t?
262
Suppose 0 = -9*b + 16*b + 1050. Let j = b + 84. Let m = -56 - j. What is the remainder when 17 is divided by m?
7
Let a(t) = 12*t + 2. Suppose 4 = 4*k - 4*m, -2*m = -4*m - 6. Let b be a(k). What is the remainder when 87 is divided by 0*(-5)/(-10) - b?
21
Let s be (-1)/2 - 93/(-2). Let j(n) = 347*n - 633. Let f be j(2). Suppose 0 = -5*p - s + f. What is the remainder when 29 is divided by p?
2
Let y = 2757 - 2727. What is the remainder when 1086 is divided by y?
6
Let m(c) = 19*c**2 - 4*c - 5. Let k be m(4). Let w = -258 + k. Calculate the remainder when 221 is divided by w.
21
Let o be (-2 - -26)*1/3. Suppose o*s - 6*s - 420 = 0. Suppose -5*a + 5*u = -s, 2*a - 54 = a - 5*u. What is the remainder when a is divided by 23?
21
Let m = -31 - -31. Let l(t) = -2*t